- (-34281)/6?
3
Suppose 4*c + 3 = -4*u + 19, -2*c + 15 = -5*u. Suppose -3*d - 2*d + 1495 = 3*x, -c*d - 4*x + 1500 = 0. Let f = d + -172. What is the hundreds digit of f?
1
Suppose -555*g + 1144*g = 568*g + 647577. What is the units digit of g?
7
Let g = -105 + 281. Let j = 503 - g. What is the tens digit of j?
2
Suppose -3*x - 4*j + 51278 = 0, -4*x + 91798 = 3*j + 23418. What is the hundreds digit of x?
0
Let i(m) be the first derivative of 518*m**3 + 4*m**2 - 8*m - 157. What is the units digit of i(1)?
4
Suppose -418*y + 409*y = -288045. What is the ten thousands digit of y?
3
Suppose 0 = 4*w + 16, -133 - 43 = -5*q + 4*w. Let r = -9 + q. Let f(b) = 8*b - 18. What is the tens digit of f(r)?
6
Suppose 7*l - 58 = -23. Suppose 4*f = l*k + 1270 - 403, 3*f = -5*k + 694. What is the tens digit of f?
2
Let o = 44 + -4. Suppose 0*p = 8*p - o. Suppose 39 - 255 = -5*y + 4*m, 2*y + p*m = 60. What is the units digit of y?
0
Let r(j) = -26*j + 14061. What is the ten thousands digit of r(-28)?
1
Let p = 24148 + -16862. What is the tens digit of p?
8
Let t be 2/(-10) - (24/(-20) + -3). Suppose t*d + 0*d + 20 = 0, 4*i = 5*d - 31. What is the tens digit of 4/i + 1 + 457/7?
6
Let o be 17 + (0 - (0 + -1)). Let x(y) = y**3 - 16*y**2 - 35*y - 16. Let j be x(o). Suppose 3*n - 364 = j*d + 237, -2*n + 401 = -d. What is the tens digit of n?
0
Suppose 2*v = -4*j - 34, 1 - 5 = j + 5*v. Let k(i) = -i**3 + i**2 - 20*i - 24. What is the tens digit of k(j)?
6
Suppose 4*a - 1409 = 5*k - 10769, 4*a - 3716 = -2*k. Suppose 0 = -3*i - 20*f + 25*f + k, -2*i + 1237 = 5*f. What is the units digit of i?
1
Let o be (-3)/6*0 + -4 + 1. Let a = o + 32. Suppose 34*t - 350 = a*t. What is the tens digit of t?
7
Let c be (3 - 2)/(39/9 + -4). Suppose -c*b + 4*b - 677 = -i, 3*i = 5*b + 1991. Suppose i = 5*v - 98. What is the hundreds digit of v?
1
Let p(k) = 176*k**2 + 16*k + 16. Let x(d) = -35*d**2 - 3*d - 3. Let n(r) = -2*p(r) - 11*x(r). Let y be n(-2). Let o = y + 25. What is the hundreds digit of o?
1
Let p(c) = c**3 + 21*c**2 + 6*c - 11. Let j be p(-6). Let f = j - -255. What is the hundreds digit of f?
7
Let t(u) = -9*u**3 - 2*u**2 + u + 4. Let o = 32 - 30. Let v be t(o). Let x = v + 111. What is the units digit of x?
7
Let w = -81556 - -115152. What is the hundreds digit of w?
5
What is the tens digit of ((-19)/(-38))/(22/1621708)?
5
Let a = 66123 - 20212. What is the hundreds digit of a?
9
Let u(f) = 4*f + 48. Let c be u(-11). Let q(y) = 192*y - 16. Let j be q(c). Suppose a - j = -7*a. What is the units digit of a?
4
Suppose 4*i = 5*q - 187330, -552*q + 555*q + 3*i = 112398. What is the ten thousands digit of q?
3
Let x(r) = 4*r + 5. Let b be x(2). Suppose -16*p + b*p + 27 = 0. Suppose 0 = 3*a - p - 48. What is the units digit of a?
9
Let n(z) = z**2 + 6*z - 24. Let a be n(-9). Let y(b) = -5 + 57*b - 3 + 7 + a. What is the tens digit of y(4)?
3
Let q = -7490 + 12819. What is the tens digit of q?
2
Let b(h) = 66*h**2 + 106*h + 1015. What is the units digit of b(-9)?
7
Let l(q) = 53*q + 7. Let m = 128 + -115. What is the hundreds digit of l(m)?
6
Suppose 0 = 20*o + 16*o - 117036. Suppose -o = -4*y - 3*d - 957, -d - 1152 = -2*y. What is the tens digit of y?
7
Suppose -20*w - 3840 = -28*w. Suppose -w*n - 2994 = -483*n. What is the tens digit of n?
9
Suppose 15 + 60 = -3*k. Let w = k - -35. What is the tens digit of -5*57*w/(-25)?
1
Suppose -22432 = -552*g + 551*g + 1745. What is the hundreds digit of g?
1
Let m(s) be the first derivative of 2*s**2 + 26*s + 14. Let k be m(-6). What is the units digit of ((-3)/k)/((-3)/232)?
6
Let c(x) = -2*x**3 + x**2 - 4*x + 9. Let n be c(6). Suppose -5*l - 1205 = -5*d, -4*d + 6 = -7*d. Let i = l - n. What is the tens digit of i?
6
Suppose -c + 5378 + 9543 = -5*l, -4*l = -3*c + 44774. What is the thousands digit of c?
4
Let b(l) = 66*l + 244. Let u be b(-27). Let z = u + 2808. What is the units digit of z?
0
Suppose -2*v - 2*m + 9 + 3 = 0, -5*v = -5*m - 20. Suppose 4*l + 68 = 2*h - 0*l, 3*h - 47 = -v*l. Suppose -60 = -2*g + h. What is the units digit of g?
2
Let m(v) = 3*v**3 - 4*v - 8. Let y be m(-2). What is the hundreds digit of (-439 + 1)/(-25 - y)?
4
Let f(c) = -8*c**2 + 8*c**2 - c**2 - 1. Let y(j) = 7*j**2 - 20. Let h(z) = 6*f(z) + y(z). What is the tens digit of h(-11)?
9
Let z be 5 - 5 - -1*18. Suppose -7*r + z = 4. Suppose 2*q + r*q - 24 = 0. What is the units digit of q?
6
Let n = 297 - 710. Let h = 536 - n. What is the units digit of h?
9
Let l = 10224 - 599. What is the thousands digit of l?
9
Let f be -2 - (-2)/(-3)*-1*49008. Suppose 27*y = -0*y + f. What is the thousands digit of y?
1
Let y = 170 - 147. Let z = y + 53. What is the tens digit of z?
7
What is the thousands digit of ((-44)/5)/((112/(-40840))/7)?
2
Suppose -22 = -g + 5*l, -2*l + 2 = g + 8. Suppose 217 = 2*o - d, 7 = g*o + 4*d - 235. What is the tens digit of o?
1
Suppose 0 = -n + 3*w - 682 + 2313, -4*n - 5*w + 6456 = 0. Suppose -15851 = -12*j - n. What is the units digit of j?
6
Suppose 16737*y - 16706*y - 1740061 = 0. What is the tens digit of y?
3
Let u(m) = -2*m**2 - 24*m - 69. Let b be u(-6). Suppose 5*z = 20, 2*z = y - b - 12. What is the units digit of y?
3
Let h(j) = -j**3 - 10*j**2 + 11*j + 8. Let q = 25 - 36. Let g be h(q). Suppose -g*o + 84 = -5*o. What is the tens digit of o?
2
Let l(f) = -f**2 + 9*f + 5. Let g be l(8). Suppose -8*m = -g*m + 620. Let i = -21 + m. What is the hundreds digit of i?
1
Suppose -143*a + 776918 - 262787 = -408362. What is the thousands digit of a?
6
Let w(p) = -25*p**2 - 24*p - 10. Let d be w(-6). Let b = d + 1416. What is the hundreds digit of b?
6
Suppose 3*j - 11733 = 4*z + 951, -2*z = -4*j + 16922. What is the tens digit of j?
3
Let m(s) = 18107*s**2 - 22*s - 2. What is the tens digit of m(2)?
8
Let r = 54 - 48. Let c(u) = 3*u - 14. Let n be c(r). Suppose -6*v + 4*p + 468 = -2*v, -228 = -2*v - n*p. What is the hundreds digit of v?
1
Let f(y) = 3*y + 76 + 13 - 6. What is the tens digit of f(28)?
6
Suppose 0 = -85*p + 61*p - 936. Let k = p - -802. What is the tens digit of k?
6
Let u(j) = 3*j**3 + 21*j - 40. Let n be u(10). What is the units digit of (-3*1)/(((-195)/n)/13)?
4
Let t be (-68)/3 + ((-70)/15)/(-7). Let v = 36 + t. Suppose 11*w - v*w + 285 = 0. What is the units digit of w?
5
Suppose -60*h + 33055 = 3*w - 64*h, -w + 2*h = -11023. What is the hundreds digit of w?
0
Suppose -5440 = -2*x - 2*x. Suppose 0*l + 8*l = x. What is the units digit of l?
0
Suppose 31 = -i - 42. Let o = i + 75. What is the hundreds digit of o/3 - 9823/(-57)?
1
Let k(q) = 2334*q + 4608. What is the thousands digit of k(19)?
8
Let x be (-1)/(-4)*4 - 0/(-6). Let b(t) = 915*t**3 - t**2 - 11*t + 12. What is the tens digit of b(x)?
1
Let b(g) = -g**2 + 12*g + 66. Let a be b(16). Suppose a*x - 5*y = 1723, -16*x + 3*y = -13*x - 2589. What is the hundreds digit of x?
8
Suppose -67*a + 4*a = -370818. What is the hundreds digit of a?
8
Suppose -13*c - 2 = -2. Suppose -3*s - 81 + 333 = c. What is the tens digit of (s/(-8))/(5/(-10))?
2
Let l = 92371 + -63860. What is the hundreds digit of l?
5
Let f(h) = 16*h**2 + 8*h - 14. What is the units digit of f(7)?
6
Let a(x) = -x**2 + 19*x + 6473. What is the tens digit of a(0)?
7
Suppose n = -6, 0*n + 5*n = -5*r + 42645. What is the hundreds digit of r?
5
Let u(o) = -4*o**2 - 361*o + 294. What is the units digit of u(-91)?
1
What is the tens digit of -4 + 447/596 + (-4049)/(-4) + 0?
0
Suppose -6 = i - 1, 5*j + 5*i = 43335. What is the tens digit of j?
7
Suppose -2*j = 4*z - 3071 + 163, 2*z + 5*j - 1470 = 0. Let o be (-3885)/(-28) - (4 + (-84)/16). Suppose -o = -5*w + z. What is the tens digit of w?
7
What is the hundreds digit of (1449700/(-15))/28*-3?
3
Let w = 10419 - -22357. What is the tens digit of w?
7
Let v = -320 + 324. Let o(a) = a**2 - a + 48. Let l be o(0). Suppose v*q = l + 24. What is the units digit of q?
8
Let m(o) = -o**3 - 21*o**2 - 28*o - 59. Let s be m(-20). Suppose g - 6 - s = 0. What is the tens digit of g?
0
Suppose 59*v - 47886 = -3*y + 62*v, -2*y + v = -31927. What is the units digit of y?
5
Let l(s) = s**3 + 25*s**2 - 24*s + 58. Let d be l(-26). What is the hundreds digit of (-4)/d*66267/(-74)?
5
What is the thousands digit of (2 - 4512)*(-90)/36?
1
Let o(f) = -30*f - 2. Let u be o(-1). Suppose 